{"id":119,"date":"2018-03-08T19:26:30","date_gmt":"2018-03-08T17:26:30","guid":{"rendered":"http:\/\/selkokeskus.fi\/pa-svenska\/?p=119"},"modified":"2023-03-02T13:17:52","modified_gmt":"2023-03-02T11:17:52","slug":"tjanster","status":"publish","type":"page","link":"https:\/\/selkokeskus.fi\/pa-svenska\/tjanster\/","title":{"rendered":"Tj\u00e4nster"},"content":{"rendered":"<p>Selkokeskus betj\u00e4nar alla som \u00e4r intresserade av l\u00e4tt finska. Vi ger m\u00e5ngsidig utbildning i l\u00e4tt finska samt v\u00e4gledning och r\u00e5dgivning i olika fr\u00e5gor. Fr\u00e5n oss kan man gratis ans\u00f6ka om symbolen f\u00f6r l\u00e4ttl\u00e4st f\u00f6r material p\u00e5 l\u00e4tt spr\u00e5k.<\/p>\n<h2>R\u00e5dgivning<\/h2>\n<p>P\u00e5 v\u00e5r webbplats finns mycket nyttig information om l\u00e4tt finska. Om du \u00e4nd\u00e5 inte hittar svaret p\u00e5 din fr\u00e5ga kan du kontakta oss via e-post (selkokeskus@kvl.fi)! R\u00e5dgivningen \u00e4r fr\u00e4mst p\u00e5 finska, men du kan skicka din fr\u00e5ga p\u00e5 svenska. Om din fr\u00e5ga g\u00e4ller l\u00e4tt svenska, <a href=\"https:\/\/ll-center.fi\/svenska\/start\/\" target=\"_blank\" rel=\"noopener\">kontakta LL-Center<\/a>.<\/p>\n<p>Exempel p\u00e5 fr\u00e5gor du kan vara intresserad av:<\/p>\n<ul>\n<li>hur man kan uttrycka det h\u00e4r p\u00e5 l\u00e4tt finska<\/li>\n<li>vad man ska beakta n\u00e4r man producerar material p\u00e5 l\u00e4tt finska<\/li>\n<li>vilka text- och utbildningstj\u00e4nster i anknytning till l\u00e4tt finska kunde passa min organisation<\/li>\n<li>vilket slags l\u00e4ttl\u00e4st litteratur publiceras i Finland.<\/li>\n<\/ul>\n<h2>Utbildning<\/h2>\n<p>Vi ordnar finskspr\u00e5kiga kurser, f\u00f6rel\u00e4sningar och seminarier. Utbildningen behandlar hur man skriver l\u00e4tt finska, layout och illustrationer, l\u00e4tt finska p\u00e5 n\u00e4tet, tal och v\u00e4xelverkan p\u00e5 l\u00e4tt finska samt l\u00e4ttl\u00e4sta b\u00f6cker. V\u00e5ra kurser \u00e4r avgiftsbelagda.<\/p>\n<p>Om du letar efter utbildning i l\u00e4tt svenska, <a href=\"https:\/\/ll-center.fi\/svenska\/tjanster\/kurser\/\" target=\"_blank\" rel=\"noopener\">kontakta LL-Center<\/a>.<\/p>\n<p><a href=\"https:\/\/selkokeskus.fi\/koulutukset-ja-tekstipalvelut\/\" target=\"_blank\" rel=\"noopener\"><strong>L\u00e4s mera om v\u00e5r utbildning p\u00e5 v\u00e5ra finskspr\u00e5kiga sidor.<\/strong><\/a><u> <\/u><\/p>\n<p>Fr\u00e5ga om v\u00e5ra utbildningar genom att skicka ett e-postmeddelande till selkokeskus@kvl.fi.<\/p>\n<h2>Texttj\u00e4nster<\/h2>\n<p>Vi erbjuder f\u00f6ljande texttj\u00e4nster:<\/p>\n<ul>\n<li>Bed\u00f6mningstj\u00e4nsten kan du anv\u00e4nda dig av n\u00e4r du arbetar med text p\u00e5 l\u00e4tt finska och beh\u00f6ver en utv\u00e4rdering av hur du lyckats. Tj\u00e4nsten \u00e4r avgiftsbelagd.<\/li>\n<li>Symbolen f\u00f6r l\u00e4ttl\u00e4st\u00a0\u00e4r gratis och man kan ans\u00f6ka om den f\u00f6r finsk- och svenskspr\u00e5kiga publikationer.<\/li>\n<\/ul>\n<p><a href=\"https:\/\/ll-center.fi\/svenska\/tjanster\/\" target=\"_blank\" rel=\"noopener\">LL-Center erbjuder ett flertal texttj\u00e4nster f\u00f6r texter p\u00e5 svenska.<\/a><\/p>\n<p><a href=\"https:\/\/selkokeskus.fi\/koulutukset-ja-tekstipalvelut\/\" target=\"_blank\" rel=\"noopener\">L\u00e4s mer p\u00e5 v\u00e5ra finskspr\u00e5kiga sidor.<\/a> Fr\u00e5ga om v\u00e5ra texttj\u00e4nster genom att skicka ett e-postmeddelande till selkokeskus@kvl.fi.<\/p>\n<h2>Symbolen f\u00f6r l\u00e4ttl\u00e4st<\/h2>\n<p>Symbolen f\u00f6r l\u00e4ttl\u00e4st \u00e4r ett tecken p\u00e5 att en publikation uppfyller kriterierna f\u00f6r l\u00e4tt spr\u00e5k. Symbolen kan i Finland beviljas f\u00f6r b\u00e5de finsk- och svenskspr\u00e5kiga publikationer.<\/p>\n<p>Selkokeskus kan ge finskspr\u00e5kiga broschyrer, tidningar, videor och hemsidor r\u00e4tt att anv\u00e4nda symbolen f\u00f6r l\u00e4ttl\u00e4st. Man kan ans\u00f6ka om symbolen f\u00f6r l\u00e4ttl\u00e4st f\u00f6r material p\u00e5 svenska fr\u00e5n <a href=\"https:\/\/ll-center.fi\/svenska\/tjanster\/granskning_av_lattlast_text\/\" target=\"_blank\" rel=\"noopener\">LL-Center<\/a>.<\/p>\n<p>F\u00f6r l\u00e4ttl\u00e4st litteratur p\u00e5 finska och svenska beviljas symbolen av v\u00e5r arbetsgrupp f\u00f6r l\u00e4ttl\u00e4st litteratur. Symbolen kan ocks\u00e5 beviljas f\u00f6r finsk- och svenskspr\u00e5kiga l\u00e4romedel som uppfyller samma kriterier som \u00f6vrig l\u00e4ttl\u00e4st litteratur.<\/p>\n<p>Symbolen f\u00f6r l\u00e4ttl\u00e4st \u00e4r gratis. F\u00f6r att en publikation ska kunna erh\u00e5lla symbolen m\u00e5ste den uppfylla kriterierna f\u00f6r l\u00e4tt finska eller svenska g\u00e4llande spr\u00e5k, illustrationer och layout. Beslutet inneh\u00e5ller ingen bearbetning eller mera omfattande utv\u00e4rdering av publikationens text eller utseende. Om symbolen inte beviljas kan den s\u00f6kande kontakta v\u00e5r eller <a href=\"https:\/\/ll-center.fi\/svenska\/tjanster\/\" target=\"_blank\" rel=\"noopener\">LL-Centers<\/a> bearbetnings- eller utv\u00e4rderingstj\u00e4nst.<\/p>\n<p>L\u00e4s mer detaljerade anvisningar f\u00f6r <a href=\"https:\/\/selkokeskus.fi\/koulutukset-ja-tekstipalvelut\/hae-selkotunnusta\/\" target=\"_blank\" rel=\"noopener\">hur du ans\u00f6ker om symbolen f\u00f6r l\u00e4ttl\u00e4st p\u00e5 v\u00e5ra finskspr\u00e5kiga sidor<\/a>. Fr\u00e5ga om symbolen genom att skicka ett e-postmeddelande till selkokeskus@kvl.fi.<\/p>\n<p>\u00a0<\/p>\n<p><img loading=\"lazy\" decoding=\"async\" class=\"alignnone wp-image-463 img-responsive\" src=\"https:\/\/selkokeskus.fi\/pa-svenska\/wp-content\/uploads\/sites\/3\/2018\/04\/Selko-merkki_suomi_mv_NETTIIN-300x271.png\" alt=\"Symbolen f\u00f6r l\u00e4tt finska.\" width=\"124\" height=\"112\" srcset=\"https:\/\/selkokeskus.fi\/pa-svenska\/wp-content\/uploads\/sites\/3\/2018\/04\/Selko-merkki_suomi_mv_NETTIIN-300x271.png 300w, https:\/\/selkokeskus.fi\/pa-svenska\/wp-content\/uploads\/sites\/3\/2018\/04\/Selko-merkki_suomi_mv_NETTIIN-768x694.png 768w, https:\/\/selkokeskus.fi\/pa-svenska\/wp-content\/uploads\/sites\/3\/2018\/04\/Selko-merkki_suomi_mv_NETTIIN.png 1000w\" sizes=\"auto, (max-width: 124px) 100vw, 124px\" \/> <img loading=\"lazy\" decoding=\"async\" class=\"alignnone wp-image-462 img-responsive\" src=\"https:\/\/selkokeskus.fi\/pa-svenska\/wp-content\/uploads\/sites\/3\/2018\/04\/Selko-merkki_ruotsi_mv_NETTIIN-300x250.png\" alt=\"Symbolen f\u00f6r l\u00e4tt svenska.\" width=\"123\" height=\"102\" srcset=\"https:\/\/selkokeskus.fi\/pa-svenska\/wp-content\/uploads\/sites\/3\/2018\/04\/Selko-merkki_ruotsi_mv_NETTIIN-300x250.png 300w, https:\/\/selkokeskus.fi\/pa-svenska\/wp-content\/uploads\/sites\/3\/2018\/04\/Selko-merkki_ruotsi_mv_NETTIIN-768x641.png 768w, https:\/\/selkokeskus.fi\/pa-svenska\/wp-content\/uploads\/sites\/3\/2018\/04\/Selko-merkki_ruotsi_mv_NETTIIN.png 1000w\" sizes=\"auto, (max-width: 123px) 100vw, 123px\" \/><\/p>\n\n","protected":false},"excerpt":{"rendered":"<p>Selkokeskus betj\u00e4nar alla som \u00e4r intresserade av l\u00e4tt finska. Vi ger m\u00e5ngsidig utbildning i l\u00e4tt finska samt v\u00e4gledning och r\u00e5dgivning i olika fr\u00e5gor. Fr\u00e5n oss kan man gratis ans\u00f6ka om symbolen f\u00f6r l\u00e4ttl\u00e4st f\u00f6r material p\u00e5 [&hellip;]<span class=\"moretag\">L\u00e4s mer \u2026<\/span><\/p>\n","protected":false},"author":1,"featured_media":513,"parent":0,"menu_order":7,"comment_status":"closed","ping_status":"closed","template":"","meta":{"_acf_changed":false,"footnotes":""},"class_list":["post-119","page","type-page","status-publish","has-post-thumbnail","hentry"],"acf":[],"_links":{"self":[{"href":"https:\/\/selkokeskus.fi\/pa-svenska\/wp-json\/wp\/v2\/pages\/119","targetHints":{"allow":["GET"]}}],"collection":[{"href":"https:\/\/selkokeskus.fi\/pa-svenska\/wp-json\/wp\/v2\/pages"}],"about":[{"href":"https:\/\/selkokeskus.fi\/pa-svenska\/wp-json\/wp\/v2\/types\/page"}],"author":[{"embeddable":true,"href":"https:\/\/selkokeskus.fi\/pa-svenska\/wp-json\/wp\/v2\/users\/1"}],"replies":[{"embeddable":true,"href":"https:\/\/selkokeskus.fi\/pa-svenska\/wp-json\/wp\/v2\/comments?post=119"}],"version-history":[{"count":0,"href":"https:\/\/selkokeskus.fi\/pa-svenska\/wp-json\/wp\/v2\/pages\/119\/revisions"}],"wp:featuredmedia":[{"embeddable":true,"href":"https:\/\/selkokeskus.fi\/pa-svenska\/wp-json\/wp\/v2\/media\/513"}],"wp:attachment":[{"href":"https:\/\/selkokeskus.fi\/pa-svenska\/wp-json\/wp\/v2\/media?parent=119"}],"curies":[{"name":"wp","href":"https:\/\/api.w.org\/{rel}","templated":true}]}}