{"id":121,"date":"2018-03-08T19:26:31","date_gmt":"2018-03-08T17:26:31","guid":{"rendered":"http:\/\/selkokeskus.fi\/pa-svenska\/?p=121"},"modified":"2023-03-02T13:19:05","modified_gmt":"2023-03-02T11:19:05","slug":"lattsprakliga-medier","status":"publish","type":"page","link":"https:\/\/selkokeskus.fi\/pa-svenska\/lattsprakliga-medier\/","title":{"rendered":"L\u00e4ttspr\u00e5kliga medier"},"content":{"rendered":"<p>Alla har r\u00e4tt att kunna ta del av nyheter g\u00e4llande s\u00e5v\u00e4l sitt eget land som hela v\u00e4rlden samt de diskussioner som f\u00f6rs om aktuella fr\u00e5gor. Nyheter p\u00e5 l\u00e4tt spr\u00e5k \u00e4r ett f\u00f6nster till det som sker i samh\u00e4llet och en nyckel till delaktighet och j\u00e4mlikhet.<\/p>\n<p>I Finland finns det n\u00e5gra medier som publicerar aktuell information p\u00e5 l\u00e4tt spr\u00e5k.<\/p>\n<h2>Selkosanomat och L\u00e4tta bladet<\/h2>\n<p>Den l\u00e4ttl\u00e4sta nyhets- och aktualitetstidningen Selkosanomat och dess systertidning L\u00e4tta bladet informerar l\u00e4sare som \u00e4r i behov av l\u00e4ttl\u00e4st om aktuella inrikes- och utrikesh\u00e4ndelser, idrott, underh\u00e5llning, kultur och vardagliga fr\u00e5gor. Selkosanomat och L\u00e4tta bladet utkommer \u00e5tta g\u00e5nger per \u00e5r som papperstidning. I n\u00e4ttidskriften publiceras artiklar varje vecka.<\/p>\n<ul>\n<li><a href=\"https:\/\/selkosanomat.fi\/\" target=\"_blank\" rel=\"noopener\"><strong>Selkosanomat<\/strong><\/a><\/li>\n<\/ul>\n<ul>\n<li><a href=\"https:\/\/lattabladet.fi\/\" target=\"_blank\" rel=\"noopener\"><strong>L\u00e4tta bladet<\/strong><\/a><\/li>\n<\/ul>\n<h2>Yle Uutiset selkosuomeksi och Yle Nyheter p\u00e5 l\u00e4tt svenska<\/h2>\n<p>Yle Uutiset selkosuomeksi erbjuder nyheter i tv, p\u00e5 n\u00e4tet och i radion p\u00e5 finska. Yles nyheter p\u00e5 l\u00e4tt finska riktar sig framf\u00f6r allt till personer som l\u00e4r sig finska som andra eller fr\u00e4mmande spr\u00e5k.<\/p>\n<p>Yle erbjuder ocks\u00e5 nyheter p\u00e5 l\u00e4tt svenska i Yle Arenan och i Yle Vega.<\/p>\n<ul>\n<li><a href=\"http:\/\/www.yle.fi\/selkouutiset\" target=\"_blank\" rel=\"noopener\"><strong>Yle Uutiset selkosuomeksi<\/strong><\/a><\/li>\n<li><a href=\"https:\/\/arenan.yle.fi\/audio\/1-50362086\" target=\"_blank\" rel=\"noopener\"><strong>Yle Nyheter p\u00e5 l\u00e4tt svenska (Yle Arenan)<\/strong><\/a><\/li>\n<\/ul>\n<h2>Leija<\/h2>\n<p>Tidskriften Leija riktar sig till l\u00e4sare som har en intellektuell funktionsneds\u00e4ttning. Leija utkommer sex g\u00e5nger om \u00e5ret och inneh\u00e5ller nyheter, underh\u00e5llning samt texter och bilder fr\u00e5n personer med intellektuell funktionsneds\u00e4ttning.<\/p>\n<p><a href=\"https:\/\/issuu.com\/jaanateravainen\" target=\"_blank\" rel=\"noopener\"><strong>Leija p\u00e5 finska: issuu.com<\/strong><\/a><\/p>\n\n","protected":false},"excerpt":{"rendered":"<p>Alla har r\u00e4tt att kunna ta del av nyheter g\u00e4llande s\u00e5v\u00e4l sitt eget land som hela v\u00e4rlden samt de diskussioner som f\u00f6rs om aktuella fr\u00e5gor. Nyheter p\u00e5 l\u00e4tt spr\u00e5k \u00e4r ett f\u00f6nster till det som sker [&hellip;]<span class=\"moretag\">L\u00e4s mer \u2026<\/span><\/p>\n","protected":false},"author":1,"featured_media":578,"parent":0,"menu_order":8,"comment_status":"closed","ping_status":"closed","template":"","meta":{"_acf_changed":false,"footnotes":""},"class_list":["post-121","page","type-page","status-publish","has-post-thumbnail","hentry"],"acf":[],"_links":{"self":[{"href":"https:\/\/selkokeskus.fi\/pa-svenska\/wp-json\/wp\/v2\/pages\/121","targetHints":{"allow":["GET"]}}],"collection":[{"href":"https:\/\/selkokeskus.fi\/pa-svenska\/wp-json\/wp\/v2\/pages"}],"about":[{"href":"https:\/\/selkokeskus.fi\/pa-svenska\/wp-json\/wp\/v2\/types\/page"}],"author":[{"embeddable":true,"href":"https:\/\/selkokeskus.fi\/pa-svenska\/wp-json\/wp\/v2\/users\/1"}],"replies":[{"embeddable":true,"href":"https:\/\/selkokeskus.fi\/pa-svenska\/wp-json\/wp\/v2\/comments?post=121"}],"version-history":[{"count":0,"href":"https:\/\/selkokeskus.fi\/pa-svenska\/wp-json\/wp\/v2\/pages\/121\/revisions"}],"wp:featuredmedia":[{"embeddable":true,"href":"https:\/\/selkokeskus.fi\/pa-svenska\/wp-json\/wp\/v2\/media\/578"}],"wp:attachment":[{"href":"https:\/\/selkokeskus.fi\/pa-svenska\/wp-json\/wp\/v2\/media?parent=121"}],"curies":[{"name":"wp","href":"https:\/\/api.w.org\/{rel}","templated":true}]}}