{"id":464,"date":"2018-04-11T10:10:32","date_gmt":"2018-04-11T07:10:32","guid":{"rendered":"http:\/\/selkokeskus.fi\/pa-svenska\/?p=464"},"modified":"2023-02-09T11:57:17","modified_gmt":"2023-02-09T09:57:17","slug":"delegationen-for-latt-sprak","status":"publish","type":"page","link":"https:\/\/selkokeskus.fi\/pa-svenska\/om-oss\/delegationen-for-latt-sprak\/","title":{"rendered":"Delegationen f\u00f6r l\u00e4tt spr\u00e5k"},"content":{"rendered":"<p>I Finland koordineras verksamheten runt l\u00e4tt finska av Delegationen f\u00f6r l\u00e4tt spr\u00e5k, som funnits sedan \u00e5r 2000.<\/p>\n<p>Delegationen best\u00e5r av representanter f\u00f6r statliga myndigheter, organisationer, universit, l\u00e4roinr\u00e4ttningar, forskningscentra och medier, som vill delta i arbetet med att styra och fr\u00e4mja det l\u00e4tta spr\u00e5kets st\u00e4llning i samh\u00e4llet. I delegationen ing\u00e5r \u00f6ver 50 olika instanser. En lista \u00f6ver delegationens medlemmar finns p\u00e5\u00a0<a href=\"https:\/\/selkokeskus.fi\/tietoa-meista\/selkokielen-neuvottelukunta\/\" target=\"_blank\" rel=\"noopener\"><strong>v\u00e5ra finskspr\u00e5kiga sidor<\/strong><\/a>.<\/p>\n<p>Delegationen f\u00f6r l\u00e4tt spr\u00e5k<\/p>\n<ul>\n<li>f\u00f6ljer med hur aktiviteterna i anknytning till l\u00e4tt spr\u00e5k utvecklas i Finland<\/li>\n<li>tar initiativ till \u00e5tg\u00e4rder som fr\u00e4mjar det l\u00e4tta spr\u00e5kets st\u00e4llning i samh\u00e4llet och \u00f6kar antalet l\u00e4ttl\u00e4sta publikationer<\/li>\n<li>deltar i distributionen av l\u00e4ttl\u00e4sta publikationer och informerar om dem.<\/li>\n<\/ul>\n<p>Delegationens m\u00e5ls\u00e4ttning \u00e4r att f\u00f6rb\u00e4ttra informationsg\u00e5ngen och f\u00f6rhindra \u00f6verlappande verksamhet inom arbetet f\u00f6r att fr\u00e4mja l\u00e4tt spr\u00e5k. Delegationen sammantr\u00e4der 3\u20134 g\u00e5nger om \u00e5ret.<\/p>\n<p>Tillsammans med delegationen f\u00f6r l\u00e4tt spr\u00e5k utarbetar vi med cirka fyra \u00e5rs intervaller ett \u00e5tg\u00e4rdsprogram f\u00f6r l\u00e4tt spr\u00e5k, som styr all verksamhet i Finland som fr\u00e4mjar och utvecklar l\u00e4tt spr\u00e5k. Syftet med \u00e5tg\u00e4rdsprogrammet \u00e4r att de som \u00e4r i behov av l\u00e4tt spr\u00e5k ska f\u00e5 information och kunna njuta av kultur \u00e4ven i framtiden. <a href=\"https:\/\/selkokeskus.fi\/tietoa-meista\/selkokielen-toimenpideohjelma\/\" target=\"_blank\" rel=\"noopener\">Du hittar \u00e5tg\u00e4rdsprogrammet p\u00e5 v\u00e5ra finskspr\u00e5kiga sidor.<\/a><\/p>\n\n","protected":false},"excerpt":{"rendered":"<p>I Finland koordineras verksamheten runt l\u00e4tt finska av Delegationen f\u00f6r l\u00e4tt spr\u00e5k, som funnits sedan \u00e5r 2000. Delegationen best\u00e5r av representanter f\u00f6r statliga myndigheter, organisationer, universit, l\u00e4roinr\u00e4ttningar, forskningscentra och medier, som vill delta i arbetet med [&hellip;]<span class=\"moretag\">L\u00e4s mer \u2026<\/span><\/p>\n","protected":false},"author":1,"featured_media":0,"parent":115,"menu_order":7,"comment_status":"closed","ping_status":"closed","template":"","meta":{"_acf_changed":false,"footnotes":""},"class_list":["post-464","page","type-page","status-publish","hentry"],"acf":[],"_links":{"self":[{"href":"https:\/\/selkokeskus.fi\/pa-svenska\/wp-json\/wp\/v2\/pages\/464","targetHints":{"allow":["GET"]}}],"collection":[{"href":"https:\/\/selkokeskus.fi\/pa-svenska\/wp-json\/wp\/v2\/pages"}],"about":[{"href":"https:\/\/selkokeskus.fi\/pa-svenska\/wp-json\/wp\/v2\/types\/page"}],"author":[{"embeddable":true,"href":"https:\/\/selkokeskus.fi\/pa-svenska\/wp-json\/wp\/v2\/users\/1"}],"replies":[{"embeddable":true,"href":"https:\/\/selkokeskus.fi\/pa-svenska\/wp-json\/wp\/v2\/comments?post=464"}],"version-history":[{"count":0,"href":"https:\/\/selkokeskus.fi\/pa-svenska\/wp-json\/wp\/v2\/pages\/464\/revisions"}],"up":[{"embeddable":true,"href":"https:\/\/selkokeskus.fi\/pa-svenska\/wp-json\/wp\/v2\/pages\/115"}],"wp:attachment":[{"href":"https:\/\/selkokeskus.fi\/pa-svenska\/wp-json\/wp\/v2\/media?parent=464"}],"curies":[{"name":"wp","href":"https:\/\/api.w.org\/{rel}","templated":true}]}}

Delegationen för lätt språk

<p>I Finland koordineras verksamheten runt lätt finska av Delegationen för lätt språk, som funnits sedan år 2000.</p>
<p>Delegationen består av representanter för statliga myndigheter, organisationer, universit, läroinrättningar, forskningscentra och medier, som vill delta i arbetet med att styra och främja det lätta språkets ställning i samhället. I delegationen ingår över 50 olika instanser. En lista över delegationens medlemmar finns på <a href="https://selkokeskus.fi/tietoa-meista/selkokielen-neuvottelukunta/" target="_blank" rel="noopener"><strong>våra finskspråkiga sidor</strong></a>.</p>
<p>Delegationen för lätt språk</p>
<ul>
<li>följer med hur aktiviteterna i anknytning till lätt språk utvecklas i Finland</li>
<li>tar initiativ till åtgärder som främjar det lätta språkets ställning i samhället och ökar antalet lättlästa publikationer</li>
<li>deltar i distributionen av lättlästa publikationer och informerar om dem.</li>
</ul>
<p>Delegationens målsättning är att förbättra informationsgången och förhindra överlappande verksamhet inom arbetet för att främja lätt språk. Delegationen sammanträder 3–4 gånger om året.</p>
<p>Tillsammans med delegationen för lätt språk utarbetar vi med cirka fyra års intervaller ett åtgärdsprogram för lätt språk, som styr all verksamhet i Finland som främjar och utvecklar lätt språk. Syftet med åtgärdsprogrammet är att de som är i behov av lätt språk ska få information och kunna njuta av kultur även i framtiden. <a href="https://selkokeskus.fi/tietoa-meista/selkokielen-toimenpideohjelma/" target="_blank" rel="noopener">Du hittar åtgärdsprogrammet på våra finskspråkiga sidor.</a></p>

<p>I Finland koordineras verksamheten runt lätt finska av Delegationen för lätt språk, som funnits sedan år 2000. Delegationen består av representanter för statliga myndigheter, organisationer, universit, läroinrättningar, forskningscentra och medier, som vill delta i arbetet med [&hellip;]<span class="moretag">Läs mer …</span></p>
