{"id":523,"date":"2021-05-20T12:10:08","date_gmt":"2021-05-20T09:10:08","guid":{"rendered":"http:\/\/selkokeskus.fi\/pa-svenska\/?p=523"},"modified":"2025-12-18T08:48:25","modified_gmt":"2025-12-18T06:48:25","slug":"stipendium-for-forfattare-av-en-lattlast-bok","status":"publish","type":"page","link":"https:\/\/selkokeskus.fi\/pa-svenska\/lattlast-litteratur\/statsunderstod-for-lattlast-litteratur\/stipendium-for-forfattare-av-en-lattlast-bok\/","title":{"rendered":"Stipendium f\u00f6r f\u00f6rfattare av en l\u00e4ttl\u00e4st bok"},"content":{"rendered":"<p>En f\u00f6rfattare kan ans\u00f6ka om stipendium f\u00f6r att skriva en l\u00e4ttl\u00e4st bok. Stipendium kan inte s\u00f6kas f\u00f6r en publikation som redan har getts ut eller\u00a0nyutg\u00e5vor. Publikationen ska vara en l\u00e4ttl\u00e4st sk\u00f6nlitter\u00e4r bok, en l\u00e4ttl\u00e4st faktabok, en publikation p\u00e5 webben eller en ljudbok som inte har publicerats som normal bok tidigare. Stipendium beviljas inte f\u00f6r l\u00e4rob\u00f6cker eller l\u00e4romedel. Den undertecknade ans\u00f6kan l\u00e4mnas in\u00a0<strong>genom ett elektroniskt bidragssystem:\u00a0<\/strong><a href=\"https:\/\/selkokeskus.apurahat.net\/\" target=\"_blank\" rel=\"noopener\"><strong>https:\/\/selkokeskus.apurahat.net\/<\/strong><\/a>.<\/p>\n<p>Skriv inte n\u00e5got annat i ans\u00f6kan \u00e4n det som efterfr\u00e5gas d\u00e4r. Ans\u00f6kningar som \u00e4r bristf\u00e4lliga, ofullst\u00e4ndiga eller som har skickats per post behandlas inte.<\/p>\n<h2>Ans\u00f6kning<\/h2>\n<p>Ange bland annat f\u00f6ljande uppgifter i ans\u00f6kningen:<\/p>\n<ul>\n<li>dina kontaktuppgifter<\/li>\n<li>din f\u00f6rl\u00e4ggares kontaktuppgifter<\/li>\n<li>tidigare erfarenhet av l\u00e4tt spr\u00e5k och l\u00e4ttl\u00e4st litteratur<\/li>\n<li>anv\u00e4ndning av artificiell intelligens i arbetet med boken<\/li>\n<li>en kort synopsis, det vill s\u00e4ga en sammanfattning av hela bokens handling, samt exempel p\u00e5 vilka l\u00f6sningar som anv\u00e4nds i boken f\u00f6r att st\u00f6dja l\u00e4sningen (t.ex. ett l\u00e4mpligt antal personer, en tydlig handling, illustrationer)<\/li>\n<li>bokens m\u00e5lgrupper<\/li>\n<li>bidragets belopp och en specificering av kostnaderna (till exempel ers\u00e4ttning f\u00f6r arbetstid).<\/li>\n<\/ul>\n<h2>Textprov<\/h2>\n<p>Som bilaga till ans\u00f6kan ska s\u00f6kanden l\u00e4mna in tillr\u00e4ckliga textprov fr\u00e5n den planerade boken. Textproven ska vara tillr\u00e4ckligt omfattande s\u00e5 att det p\u00e5 basis av dem \u00e4r m\u00f6jligt att f\u00e5 en helhetsuppfattning om den planerade boken. Helst ska textproven best\u00e5 av hela bokens manuskript, eller \u00e5tminstone en tredjedel av den planerade helheten. N\u00e5gra sidor med text r\u00e4cker i allm\u00e4nhet inte.<\/p>\n<p>Trots att textproven inte beh\u00f6ver vara helt slutf\u00f6rda, ska de visa att s\u00f6kanden beh\u00e4rskar principerna f\u00f6r l\u00e4ttl\u00e4st spr\u00e5k och kan anpassa texten f\u00f6r l\u00e4sare som \u00e4r i behov av l\u00e4ttl\u00e4st text. I sina textprov ska s\u00f6kanden dessutom visa att hen beh\u00e4rskar konsten att skriva en sk\u00f6nlitter\u00e4r text eller en faktatext.<\/p>\n<h2><strong>S\u00f6kande: arbetsgrupp<\/strong><\/h2>\n<p>Ett stipendium kan s\u00f6kas av en arbetsgrupp om bokprojektet omfattar minst tv\u00e5 f\u00f6rfattare. Om du ans\u00f6ker om stipendium som en del av en arbetsgrupp ska du dock inte ange namnen p\u00e5 de \u00f6vriga medlemmarna i arbetsgruppen eller n\u00e5gra personuppgifter om dem i ans\u00f6kan. Varje medlem i arbetsgruppen ska fylla i och skicka in en egen ans\u00f6kan samt kort beskriva sin roll i arbetsgruppen. Varje medlem ska ocks\u00e5 i sin egen ans\u00f6kan ange hur stort stipendium hen ans\u00f6ker om f\u00f6r att genomf\u00f6ra sin andel av projektet.<\/p>\n<p>Medlemmarna i arbetsgruppen kan vid behov anv\u00e4nda gemensamma texter i sina ans\u00f6kningar i till\u00e4mpliga delar (t.ex. projektbeskrivningen).<\/p>\n<p>Om stipendier beviljas till arbetsgruppens medlemmar ska de \u00e4ven underteckna egna avtal om anv\u00e4ndningen av stipendiet och l\u00e4mna in egna utredningar efter att projektet har avslutats.<\/p>\n<h2>Arbetsgruppens beslut<\/h2>\n<p>Arbetsgruppen bed\u00f6mer ans\u00f6kan p\u00e5 basis av de uppgifter och textprov som s\u00f6kanden har uppgett i och fogat till sin ans\u00f6kan. Arbetsgruppen bed\u00f6mer ocks\u00e5 \u00e5rets ans\u00f6kningar som en helhet, s\u00e5 de enskilda besluten p\u00e5verkas av antalet ans\u00f6kningar och kvaliteten p\u00e5 dessa.<\/p>\n<p>S\u00f6kanden som beviljas statsunderst\u00f6d f\u00f6r l\u00e4ttl\u00e4st litteratur m\u00e5ste underteckna ett avtal via bidragssystemet. S\u00f6kanden f\u00f6rbinder sig att redovisa f\u00f6r underst\u00f6dets anv\u00e4ndande inom utsatt tid.<\/p>\n<p><a href=\"https:\/\/selkokeskus.fi\/pa-svenska\/lattlast-litteratur\/statsunderstod-for-lattlast-litteratur\/om-stipendium-eller-understod-beviljas\/\"><strong>L\u00e4s mer h\u00e4r: Om stipendium eller underst\u00f6d beviljas<\/strong><\/a><\/p>\n<p>Ett nekande beslut \u00e4r inget hinder f\u00f6r en ny ans\u00f6kan. Till det nekande beslutet kan fogas \u00e4ndrings- eller korrigeringsf\u00f6rslag som den s\u00f6kande b\u00f6r beakta i sin nya ans\u00f6kan.<\/p>\n<p><a href=\"https:\/\/selkokeskus.fi\/pa-svenska\/lattlast-litteratur\/statsunderstod-for-lattlast-litteratur\/om-stipendium-eller-understod-inte-beviljas\/\"><strong>L\u00e4s mer h\u00e4r: Om stipendium eller underst\u00f6d inte beviljas<\/strong><\/a><\/p>\n\n","protected":false},"excerpt":{"rendered":"<p>En f\u00f6rfattare kan ans\u00f6ka om stipendium f\u00f6r att skriva en l\u00e4ttl\u00e4st bok. Stipendium kan inte s\u00f6kas f\u00f6r en publikation som redan har getts ut eller\u00a0nyutg\u00e5vor. Publikationen ska vara en l\u00e4ttl\u00e4st sk\u00f6nlitter\u00e4r bok, en l\u00e4ttl\u00e4st faktabok, en [&hellip;]<span class=\"moretag\">L\u00e4s mer \u2026<\/span><\/p>\n","protected":false},"author":367,"featured_media":0,"parent":521,"menu_order":1,"comment_status":"closed","ping_status":"closed","template":"","meta":{"_acf_changed":false,"footnotes":""},"class_list":["post-523","page","type-page","status-publish","hentry"],"acf":[],"_links":{"self":[{"href":"https:\/\/selkokeskus.fi\/pa-svenska\/wp-json\/wp\/v2\/pages\/523","targetHints":{"allow":["GET"]}}],"collection":[{"href":"https:\/\/selkokeskus.fi\/pa-svenska\/wp-json\/wp\/v2\/pages"}],"about":[{"href":"https:\/\/selkokeskus.fi\/pa-svenska\/wp-json\/wp\/v2\/types\/page"}],"author":[{"embeddable":true,"href":"https:\/\/selkokeskus.fi\/pa-svenska\/wp-json\/wp\/v2\/users\/367"}],"replies":[{"embeddable":true,"href":"https:\/\/selkokeskus.fi\/pa-svenska\/wp-json\/wp\/v2\/comments?post=523"}],"version-history":[{"count":0,"href":"https:\/\/selkokeskus.fi\/pa-svenska\/wp-json\/wp\/v2\/pages\/523\/revisions"}],"up":[{"embeddable":true,"href":"https:\/\/selkokeskus.fi\/pa-svenska\/wp-json\/wp\/v2\/pages\/521"}],"wp:attachment":[{"href":"https:\/\/selkokeskus.fi\/pa-svenska\/wp-json\/wp\/v2\/media?parent=523"}],"curies":[{"name":"wp","href":"https:\/\/api.w.org\/{rel}","templated":true}]}}