{"id":567,"date":"2023-02-08T14:24:27","date_gmt":"2023-02-08T12:24:27","guid":{"rendered":"http:\/\/selkokeskus.fi\/pa-svenska\/?p=567"},"modified":"2023-03-02T13:07:27","modified_gmt":"2023-03-02T11:07:27","slug":"forskning-om-latt-finska","status":"publish","type":"page","link":"https:\/\/selkokeskus.fi\/pa-svenska\/om-latt-finska\/forskning-om-latt-finska\/","title":{"rendered":"Forskning om l\u00e4tt finska"},"content":{"rendered":"<p>I Finland har l\u00e4tt finska utvecklats sedan 1980-talet. Under de senaste \u00e5ren har l\u00e4tt finska ocks\u00e5 v\u00e4ckt intresse som forskningsobjekt. Till exempel personer som g\u00f6r sitt l\u00e4rdomsprov inom det finska spr\u00e5ket, specialpedagogiken och datateknik \u00e4r mycket intresserade av l\u00e4tt finska. \u00c4ven avhandlingar och vetenskapliga artiklar om l\u00e4tt finska har publicerats.<\/p>\n<p>Det beh\u00f6vs ny forskning f\u00f6r att l\u00e4tt finska ska kunna utvecklas till en spr\u00e5kform som \u00e4nnu b\u00e4ttre tar h\u00e4nsyn till dem som beh\u00f6ver den. Forskning om l\u00e4tt spr\u00e5k kan till exempel anknyta till hur begripliga l\u00e4ttl\u00e4sta texter \u00e4r, l\u00e4ttl\u00e4st litteratur, spr\u00e5kets byggnad eller kostnaderna f\u00f6r l\u00e4tt spr\u00e5k.<\/p>\n<h2>Forskningsn\u00e4tverket Klaara<\/h2>\n<p>Klaara \u00e4r ett samarbetsn\u00e4tverk f\u00f6r forskare i l\u00e4tt spr\u00e5k och personer som \u00e4r intresserade av l\u00e4tt spr\u00e5k. N\u00e4tverket grundades \u00e5r 2018 i syfte att fr\u00e4mja forskning i l\u00e4tt spr\u00e5k i Finland samt samarbetet mellan forskare i l\u00e4tt spr\u00e5k och praktiska akt\u00f6rer, s\u00e5som Selkokeskus och LL-Center.<\/p>\n<p>L\u00e4rdomsprov i anslutning till l\u00e4tt spr\u00e5k finns p\u00e5 <a href=\"https:\/\/blogs.helsinki.fi\/klaara-network\/ihmisia\/\" target=\"_blank\" rel=\"noopener\"><strong>\u00a0forskningsn\u00e4tverket Klaaras webbplats<\/strong><\/a>.<\/p>\n\n","protected":false},"excerpt":{"rendered":"<p>I Finland har l\u00e4tt finska utvecklats sedan 1980-talet. Under de senaste \u00e5ren har l\u00e4tt finska ocks\u00e5 v\u00e4ckt intresse som forskningsobjekt. Till exempel personer som g\u00f6r sitt l\u00e4rdomsprov inom det finska spr\u00e5ket, specialpedagogiken och datateknik \u00e4r mycket [&hellip;]<span class=\"moretag\">L\u00e4s mer \u2026<\/span><\/p>\n","protected":false},"author":555,"featured_media":0,"parent":117,"menu_order":12,"comment_status":"closed","ping_status":"closed","template":"","meta":{"_acf_changed":false,"footnotes":""},"class_list":["post-567","page","type-page","status-publish","hentry"],"acf":[],"_links":{"self":[{"href":"https:\/\/selkokeskus.fi\/pa-svenska\/wp-json\/wp\/v2\/pages\/567","targetHints":{"allow":["GET"]}}],"collection":[{"href":"https:\/\/selkokeskus.fi\/pa-svenska\/wp-json\/wp\/v2\/pages"}],"about":[{"href":"https:\/\/selkokeskus.fi\/pa-svenska\/wp-json\/wp\/v2\/types\/page"}],"author":[{"embeddable":true,"href":"https:\/\/selkokeskus.fi\/pa-svenska\/wp-json\/wp\/v2\/users\/555"}],"replies":[{"embeddable":true,"href":"https:\/\/selkokeskus.fi\/pa-svenska\/wp-json\/wp\/v2\/comments?post=567"}],"version-history":[{"count":0,"href":"https:\/\/selkokeskus.fi\/pa-svenska\/wp-json\/wp\/v2\/pages\/567\/revisions"}],"up":[{"embeddable":true,"href":"https:\/\/selkokeskus.fi\/pa-svenska\/wp-json\/wp\/v2\/pages\/117"}],"wp:attachment":[{"href":"https:\/\/selkokeskus.fi\/pa-svenska\/wp-json\/wp\/v2\/media?parent=567"}],"curies":[{"name":"wp","href":"https:\/\/api.w.org\/{rel}","templated":true}]}}

Forskning om lätt finska

<p>I Finland har lätt finska utvecklats sedan 1980-talet. Under de senaste åren har lätt finska också väckt intresse som forskningsobjekt. Till exempel personer som gör sitt lärdomsprov inom det finska språket, specialpedagogiken och datateknik är mycket intresserade av lätt finska. Även avhandlingar och vetenskapliga artiklar om lätt finska har publicerats.</p>
<p>Det behövs ny forskning för att lätt finska ska kunna utvecklas till en språkform som ännu bättre tar hänsyn till dem som behöver den. Forskning om lätt språk kan till exempel anknyta till hur begripliga lättlästa texter är, lättläst litteratur, språkets byggnad eller kostnaderna för lätt språk.</p>
<h2>Forskningsnätverket Klaara</h2>
<p>Klaara är ett samarbetsnätverk för forskare i lätt språk och personer som är intresserade av lätt språk. Nätverket grundades år 2018 i syfte att främja forskning i lätt språk i Finland samt samarbetet mellan forskare i lätt språk och praktiska aktörer, såsom Selkokeskus och LL-Center.</p>
<p>Lärdomsprov i anslutning till lätt språk finns på <a href="https://blogs.helsinki.fi/klaara-network/ihmisia/" target="_blank" rel="noopener"><strong> forskningsnätverket Klaaras webbplats</strong></a>.</p>

<p>I Finland har lätt finska utvecklats sedan 1980-talet. Under de senaste åren har lätt finska också väckt intresse som forskningsobjekt. Till exempel personer som gör sitt lärdomsprov inom det finska språket, specialpedagogiken och datateknik är mycket [&hellip;]<span class="moretag">Läs mer …</span></p>
